. What is the hundreds digit of i(-20)?
5
Suppose 0 = -y - 4*j + 11, -7*y - 2*j = -2*y - 37. Let f be 0*(-2)/(y + -3). Suppose u + f = 9. What is the units digit of u?
9
Let m(r) = r**3 + 15*r**2 - 58*r + 58. What is the units digit of m(-18)?
0
Let q = -7 - -13. Let n(s) = 6*s + s**2 + 8 + 0*s - 5*s**2 + s**3 - 3*s**2. What is the units digit of n(q)?
8
Let f(z) = z**3 - 6*z**2 + 3. Let y be f(6). Let n be 0 + y + -4 + 4. Suppose -5*t - n*w = -27 - 41, -3*t - 5*w + 28 = 0. What is the units digit of t?
6
Let k(y) = -y**3 + 9*y**2 + 3. Let w be k(9). Suppose 5*p = 3*r + 900, -540 = -p - 2*p + w*r. Suppose t + p = 5*t. What is the units digit of t?
5
Suppose -h - 3*n - n + 6 = 0, 2*h = -4*n. Suppose 2*r = -r. What is the tens digit of (-5 - r - -1)*h?
2
Let o = 1093 + -601. What is the units digit of o?
2
Suppose -7*x - 91 = -2*x + 4*j, 0 = 4*x + 2*j + 68. Let h = 56 + x. What is the units digit of h?
1
What is the tens digit of (-5)/(35/(-2391)) + 72/(-126)?
4
Let u(n) be the first derivative of 3*n**2 - 6*n - 7. Let c be u(4). Suppose -j - 5*g = -15, 2*g = 5*j - c - 3. What is the units digit of j?
5
What is the tens digit of (2/(-4))/(-8*16/105728)?
1
Suppose -1470 = -79*f + 76*f. What is the hundreds digit of f?
4
What is the units digit of (-9082)/(-95) + 8/20?
6
Let p = 40 - 59. Let d = p - -27. Suppose -d = 4*u, -4*u + 80 = -4*x + 412. What is the tens digit of x?
8
Suppose 2*o - 454 = 470. What is the units digit of o?
2
Suppose -d + a + 1 = 0, d = -4*d - 5*a - 25. Let w be (1020/75)/(d/(-5)). Let v = -17 + w. What is the units digit of v?
7
Let o be 1*(2 + 2) + 0. Let b be 4 - (-3)/((-12)/(-112)). Suppose -6*u = -o*u - b. What is the units digit of u?
6
Let p(w) = -w**2 - 4*w + 3. Let s be p(-4). Let d be s + 4/(6/3). Suppose 2*g - 86 = -8*a + 4*a, d*g = -15. What is the units digit of a?
3
Let o = -20 - -22. Suppose 0 = o*t - 72 - 36. What is the tens digit of t?
5
Let k(l) be the third derivative of l**5/60 - l**4/24 - 5*l**3/2 - 10*l**2. What is the units digit of k(6)?
5
Let t be 5*((-18)/(-15) + 3). Suppose -3*m + t = -0*m. What is the units digit of m?
7
Let g be 1290/80 + 1/(-8). Let x be (-8)/(-6)*(-117)/(-6). Let y = x - g. What is the units digit of y?
0
Let m be 51 + -4 + 3 - 5. Let p = 276 - m. What is the tens digit of p?
3
Let u(w) = w + 3. Let i be u(-3). Suppose 10*l - 11*l + 1 = i. Suppose 28 = 3*f + h - l, 4*f - 56 = 3*h. What is the tens digit of f?
1
Let k(o) be the first derivative of 23*o**2 - 2*o + 1. What is the tens digit of k(1)?
4
Suppose -5*x = 4*w - 122, 0 = w - x - 4 - 22. Suppose 0 = -29*r + w*r + 61. What is the units digit of r?
1
Suppose 4*o + 0*x - 3262 = -2*x, -2*o - 4*x = -1646. What is the units digit of o?
3
Let g = 0 + -1. Let o = g + 13. What is the tens digit of o?
1
Let f = 36 + 42. Suppose -f = 4*j - 202. Let d = j + -23. What is the units digit of d?
8
Let j = -21 - -21. Suppose 5*g - 2*g + 43 = k, -3*g + 12 = j. Suppose -r + 6*r - k = 5*y, -4*y - 33 = -3*r. What is the tens digit of r?
1
What is the hundreds digit of 4/6*(-53)/2*-18?
3
Let r = 114 + 64. What is the tens digit of r?
7
What is the units digit of 8 - 115/10*(-11 + -165)?
2
What is the hundreds digit of (-111*(-3)/(-12))/((-96)/2176)?
6
Let u(m) = -36*m + 12. Let f(t) = -t**2 - 7*t - 3. Let v be f(-7). What is the tens digit of u(v)?
2
Suppose -10*k = -8*k - 22. Suppose -10*v + k*v - 5 = 0. Suppose 0*y - 3*y + 165 = 2*p, v*p = -3*y + 156. What is the tens digit of y?
5
Let s(v) = 2*v**2 + 4*v - 9. Suppose -5*k = -15 + 55. Let g be s(k). Suppose 6 - g = -3*d. What is the units digit of d?
7
Suppose 2*s = -0*s + 10. Suppose 3*n = s*n - 108. What is the units digit of n?
4
Let m = 676 - 467. Suppose -3*w - 109 = -2*d, 0*d = -4*d - 3*w + m. What is the units digit of d?
3
Suppose -4*w - 4*u = -844, 2*w - 2*u = w + 214. What is the hundreds digit of w?
2
Suppose -2*g + 301 = 3*p, 2*p + 4*g = -g + 219. Let w = p - 41. What is the tens digit of w?
5
Let m = 721 + -239. What is the units digit of m?
2
Let t be 1/((-15)/20 + -2 + 3). What is the hundreds digit of 3 + t/(-12)*0 + 111?
1
Let d(a) = 523*a - 43. What is the hundreds digit of d(2)?
0
Let u = -12 + 12. Suppose u = -3*d + 455 - 89. What is the tens digit of d?
2
Let j = 1194 + -454. Suppose -v = 5*x - j, -2*x = -6*x - 4*v + 592. What is the tens digit of x?
4
Let j = -17 + 24. Let i be j + 2 + 0 + -3. Suppose -5*f - 2*r - 54 = -10*f, -2*r + i = 0. What is the units digit of f?
2
Let g = 10 + -11. Let b be 2 + 30/(g - -4). What is the units digit of (b/(-7))/(2/(-14))?
2
Let z = -4 + 8. Suppose -5*b = k - 611, -2*k + 254 = -z*b + 740. What is the units digit of b?
2
Suppose 50*f + 48 = 53*f. Suppose -f + 105 = k. What is the units digit of k?
9
Suppose -82 - 8 = 5*a. Let s = 22 + a. What is the units digit of ((-100)/12)/(s/(-12))?
5
What is the hundreds digit of (-24204)/(-20) - (-64)/80?
2
Suppose -2*x + 3991 = -965. What is the tens digit of x?
7
Suppose -2*c - 3*c + 29 = l, 34 = 2*l + 2*c. Let f be ((-2)/4)/(l/(-196)). What is the tens digit of (f/4)/(2/48)?
4
What is the tens digit of 80/(-12)*(3 + -72)?
6
What is the hundreds digit of 3 - 202*9/(-6)?
3
Let u(r) = -9 + 8*r - 1 - 7 + 7*r. What is the units digit of u(8)?
3
Let d(r) = r**3 + 8*r**2 + 4. Let c be d(-8). Suppose 0 = -j - c*b + 37, 29 + 114 = 3*j + 4*b. What is the units digit of j?
3
Let i(x) = -x**3 - 8*x**2 - 3*x + 4. Let t be i(-7). Let z = t - -38. What is the tens digit of z?
1
Let d = -28 + 223. Let l be 2/8 + ((-52)/16 - -3). Suppose l = r - 6*r + d. What is the units digit of r?
9
What is the hundreds digit of 4/78 - 3100712/(-8034)?
3
Let x be -5 + 6 - 42/2. Let i = x + -2. Let t = i - -62. What is the units digit of t?
0
Let w = -375 + 903. What is the tens digit of w?
2
Suppose 0 = -5*r + 20, -4*p + 55*r = 51*r - 14404. What is the units digit of p?
5
What is the hundreds digit of 2407 + (-4)/(-10)*-5?
4
Let p(c) = -4*c - 25. Let d be p(-10). What is the tens digit of (130/d)/(4/6)?
1
Suppose -3*q + 7504 = -5*y, 3*y - 5010 = -2*q - y. What is the hundreds digit of q?
5
Let p(y) = -y**3 + 8*y**2. Let h be p(8). Suppose -2*c + 5*c - 147 = h. What is the tens digit of c?
4
Let n(a) = -2860*a + 81. What is the units digit of n(-1)?
1
Suppose 0*k = -4*k - 4*n - 32, n = -5*k - 48. Let g(i) = i**3 + 11*i**2 + 3*i + 14. What is the tens digit of g(k)?
8
Let l = 14 + -6. Let q be 20/l*2 - -3. Let x = 25 - q. What is the units digit of x?
7
Suppose -13*m + 338 = -11687. What is the units digit of m?
5
Suppose 12*u = 33 + 15. Let j be 14*12 + -1*3. Suppose -5*f - j = -u*d - 0*d, 2*d = -2*f + 60. What is the units digit of d?
5
Let g = 302 - -183. What is the units digit of g?
5
Suppose -4*b + 1380 = -2656. What is the tens digit of b?
0
Suppose -7*p + 2*j = -j - 13252, -4*j = 4*p - 7544. What is the units digit of p?
1
Suppose -4*p + 111 = 11. Let r = p + -15. Let l = 24 + r. What is the units digit of l?
4
Suppose 0 = -2*n - 2*u + 4, -2*n + 0*u - 5*u + 4 = 0. Suppose -n*g = 3*h - h - 6, 3*h - 2*g + 1 = 0. Let s = h - -1. What is the units digit of s?
2
Let u = -49 - -4. Let q be 9/u - 19/5. What is the tens digit of (-246)/(-5) + q/20?
4
Let y(o) = -o**2 - 2. Let x be y(0). Let t be x + 40 + -2 + 2. Suppose 2*s + 0*s = t. What is the tens digit of s?
1
Suppose 111 = 4*q + 5*j, -6*j + 9 = q - j. Suppose x - q = 18. Suppose -5*u + x + 3 = 0. What is the tens digit of u?
1
Suppose -4*y + 5*p + 45 = 0, 2*y + 3*p - 3 = -8. Suppose 11 = 4*l - y. Suppose r - 8 = 5*r, 3*r + 318 = l*a. What is the tens digit of a?
7
Let x(s) = -3*s - 5. Let w(c) = c. Let m(h) = -h - 1. Let y(z) = 3*m(z) + 2*w(z). Let k(u) = 4*x(u) - 7*y(u). What is the units digit of k(-9)?
6
Let z = -29 + -22. Let a = z - -146. What is the units digit of a?
5
Let w(b) = -2*b**2 - 20*b - 15. Let m be w(-9). Suppose -3*f - m*f + 270 = 0. What is the tens digit of f?
4
Suppose -d - 3*d = 4. Let v = 5 + d. Suppose -g + v*g - 102 = 0. What is the tens digit of g?
3
Suppose -2*x + 0*x + 8 = 0. Suppose x*f - 115 = -h, h - 69 = -f + 40. What is the tens digit of h?
0
Let m = 18 - 16. Suppose m*f - 312 = 3*u - 8*u, -5*u + 3*f + 307 = 0. Suppose 0 = -5*i + 4*d + u, 0 = 5*i - d - d - 66. What is the tens digit of i?
1
Suppose -q + 4*f + 14 = -5, f = -2*q +